{"id":767,"date":"2023-01-07T08:01:33","date_gmt":"2023-01-07T08:01:33","guid":{"rendered":"https:\/\/www.rybsogutma.com\/?post_type=product&#038;p=767"},"modified":"2023-01-07T08:02:31","modified_gmt":"2023-01-07T08:02:31","slug":"climart-art1000-1000d","status":"publish","type":"product","link":"https:\/\/www.rybsogutma.com\/index.php\/urun\/climart-art1000-1000d\/","title":{"rendered":"CL\u0130MART ART1000 \/ 1000D"},"content":{"rendered":"<table class=\"tg\" style=\"height: 515px;\" width=\"564\">\n<tbody>\n<tr>\n<th class=\"tg-baqh\">A\u00c7IKLAMALAR<\/th>\n<th class=\"tg-baqh\">TEKN\u0130K \u00d6ZELL\u0130KLER<\/th>\n<\/tr>\n<tr>\n<td class=\"tg-baqh\">\u00dcnite Ad\u0131<\/td>\n<td class=\"tg-baqh\">ART1000<\/td>\n<\/tr>\n<tr>\n<td class=\"tg-baqh\">So\u011futma Kapasitesi<\/td>\n<td class=\"tg-baqh\">@30\u1d52C<\/td>\n<\/tr>\n<tr>\n<td class=\"tg-baqh\">Kasa Hacmi<\/td>\n<td class=\"tg-baqh\">6m\u00b3 \/ 9m\u00b3 \/ 11m\u00b3<\/td>\n<\/tr>\n<tr>\n<td class=\"tg-baqh\">Set S\u0131cakl\u0131\u011f\u0131<\/td>\n<td class=\"tg-baqh\">-18 \u00b0C \/ 0 \u00b0C \/ +5 \u00b0C<\/td>\n<\/tr>\n<tr>\n<td class=\"tg-baqh\">Ara\u00e7 Motorundan Tahrikli<\/td>\n<td class=\"tg-baqh\">2110Watt \/ 2450Watt<\/td>\n<\/tr>\n<tr>\n<td class=\"tg-baqh\">So\u011futucu Ak\u0131\u015fkan<\/td>\n<td class=\"tg-baqh\">R134a<\/td>\n<\/tr>\n<tr>\n<td class=\"tg-baqh\">Evaporat\u00f6r \u00dcnite \u00d6l\u00e7\u00fcleri<\/td>\n<td class=\"tg-baqh\">800 x 500 x 160 mm<\/td>\n<\/tr>\n<tr>\n<td class=\"tg-baqh\">Kondenser \u00dcnite \u00d6l\u00e7\u00fcleri<\/td>\n<td class=\"tg-baqh\">810 x 660 x 190 mm<\/td>\n<\/tr>\n<tr>\n<td class=\"tg-baqh\">Kondenser A\u011f\u0131rl\u0131\u011f\u0131<\/td>\n<td class=\"tg-baqh\">27 Kg.<\/td>\n<\/tr>\n<tr>\n<td class=\"tg-baqh\">Evaporat\u00f6r A\u011f\u0131rl\u0131\u011f\u0131<\/td>\n<td class=\"tg-baqh\">13,5 Kg.<\/td>\n<\/tr>\n<tr>\n<td class=\"tg-baqh\">Montaj Kit A\u011f\u0131rl\u0131\u011f\u0131<\/td>\n<td class=\"tg-baqh\">21 Kg.<\/td>\n<\/tr>\n<tr>\n<td class=\"tg-baqh\">Kondenser Hava Debisi<\/td>\n<td class=\"tg-baqh\">2300m3\/h\u00a0\u00a0\u00a0\u00a0@0 mmH2O<\/td>\n<\/tr>\n<tr>\n<td class=\"tg-baqh\">Evaporat\u00f6r Hava Debisi<\/td>\n<td class=\"tg-baqh\">1200m3\/h\u00a0\u00a0\u00a0\u00a0@0 mmH2O<\/td>\n<\/tr>\n<tr>\n<td class=\"tg-baqh\">S\u0131cak Gaz ile Manuel veya Otomatik Defrost<\/td>\n<td class=\"tg-baqh\"><\/td>\n<\/tr>\n<tr>\n<td class=\"tg-baqh\">Elektrik Motor \u00d6zellikleri<\/td>\n<td class=\"tg-baqh\"><\/td>\n<\/tr>\n<tr>\n<td class=\"tg-baqh\">G\u00fc\u00e7 \u0130htiyac\u0131<\/td>\n<td class=\"tg-baqh\">15A@24V DC<\/td>\n<\/tr>\n<\/tbody>\n<\/table>\n","protected":false},"excerpt":{"rendered":"<p>A\u00c7IKLAMALAR\tTEKN\u0130K \u00d6ZELL\u0130KLER<br \/>\n\u00dcnite Ad\u0131\tART1000D<br \/>\nSo\u011futma Kapasitesi\t@30\u1d52C<br \/>\nKasa Hacmi\t6m\u00b3 \/ 9m\u00b3 \/ 11m\u00b3<br \/>\nSet S\u0131cakl\u0131\u011f\u0131\t-18 \u00b0C \/ 0 \u00b0C \/ +5 \u00b0C<br \/>\nAra\u00e7 Motorundan Tahrikli\t920Watt \/ 2120Watt \/ 2480Watt<br \/>\nSo\u011futucu Ak\u0131\u015fkan\tR134a<br \/>\nEvaporat\u00f6r \u00dcnite \u00d6l\u00e7\u00fcleri\t800 x 550 x 160 mm<br \/>\nKondenser \u00dcnite \u00d6l\u00e7\u00fcleri\t810 x 660 x 190 mm<br \/>\nKondenser A\u011f\u0131rl\u0131\u011f\u0131\t27 Kg.<br \/>\nEvaporat\u00f6r A\u011f\u0131rl\u0131\u011f\u0131\t14,5 Kg.<br \/>\nMontaj Kit A\u011f\u0131rl\u0131\u011f\u0131\t22 Kg.<br \/>\nKondenser Hava Debisi\t2300m3\/h    @0 mmH2O<br \/>\nEvaporat\u00f6r Hava Debisi\t1200m3\/h    @0 mmH2O<br \/>\nS\u0131cak Gaz ile Manuel veya Otomatik Defrost\tStandart<br \/>\nElektrik Motor \u00d6zellikleri<br \/>\nG\u00fc\u00e7 \u0130htiyac\u0131\t30A@12V DC<\/p>\n","protected":false},"featured_media":604,"comment_status":"open","ping_status":"closed","template":"","meta":[],"product_cat":[25,24],"product_tag":[],"class_list":["post-767","product","type-product","status-publish","has-post-thumbnail","hentry","product_cat-art1000-1000d","product_cat-climart-2"],"_links":{"self":[{"href":"https:\/\/www.rybsogutma.com\/index.php\/wp-json\/wp\/v2\/product\/767","targetHints":{"allow":["GET"]}}],"collection":[{"href":"https:\/\/www.rybsogutma.com\/index.php\/wp-json\/wp\/v2\/product"}],"about":[{"href":"https:\/\/www.rybsogutma.com\/index.php\/wp-json\/wp\/v2\/types\/product"}],"replies":[{"embeddable":true,"href":"https:\/\/www.rybsogutma.com\/index.php\/wp-json\/wp\/v2\/comments?post=767"}],"wp:featuredmedia":[{"embeddable":true,"href":"https:\/\/www.rybsogutma.com\/index.php\/wp-json\/wp\/v2\/media\/604"}],"wp:attachment":[{"href":"https:\/\/www.rybsogutma.com\/index.php\/wp-json\/wp\/v2\/media?parent=767"}],"wp:term":[{"taxonomy":"product_cat","embeddable":true,"href":"https:\/\/www.rybsogutma.com\/index.php\/wp-json\/wp\/v2\/product_cat?post=767"},{"taxonomy":"product_tag","embeddable":true,"href":"https:\/\/www.rybsogutma.com\/index.php\/wp-json\/wp\/v2\/product_tag?post=767"}],"curies":[{"name":"wp","href":"https:\/\/api.w.org\/{rel}","templated":true}]}}